{"id":15813,"date":"2024-12-10T21:47:53","date_gmt":"2024-12-10T21:47:53","guid":{"rendered":"https:\/\/sauleskomponentai.lt\/?post_type=product&#038;p=15813"},"modified":"2025-03-05T19:43:37","modified_gmt":"2025-03-05T19:43:37","slug":"hibridinis-inverteris-10-kw-solis-s6-eh3p10k-h","status":"publish","type":"product","link":"https:\/\/sauleskomponentai.lt\/index.php\/produktas\/hibridinis-inverteris-10-kw-solis-s6-eh3p10k-h\/","title":{"rendered":"Hibridinis inverteris 10 kW Solis-S6-EH3P10K-H"},"content":{"rendered":"<p><b>10kW hibridinio inverterio <\/b>Solis-S6-EH3P10K-H <b>techniniai parametrai<\/b><\/p>\n<h1><b>Nuolatin\u0117 srov\u0117 (\u012fvestis) FV pus\u0117je<\/b><\/h1>\n<ul>\n<li>maksimali \u012fvesties galia: 16 kW;<\/li>\n<li>maksimali \u012fvesties \u012ftampa: 1000 V;<\/li>\n<li>vardin\u0117 \u012ftampa: 600 V;<\/li>\n<li>paleidimo \u012ftampa: 160 V;<\/li>\n<li>MPPT \u012ftampos diapazonas: 200\u2013850 V;<\/li>\n<li>maksimali \u012fvesties srov\u0117: 4 x 16 A;<\/li>\n<li>maksimali trumpojo sujungimo srov\u0117: 4 x 24 A;<\/li>\n<li>MPPT sk.\/ maks. \u012fvesties grupi\u0173 skai\u010dius: 4 \/ 4.<\/li>\n<\/ul>\n<h1><b>Akumuliatorius<\/b><\/h1>\n<ul>\n<li>akumuliatoriaus tipas: Li\u010dio \u2013 jon\u0173;<\/li>\n<li>akumuliatoriaus \u012ftampos diapazonas: 120\u2013600 V;<\/li>\n<li>maks. \u012fkrovos \/ i\u0161krovos galia: 10 kW;<\/li>\n<li>maks. \u012fkrovos \/ i\u0161krovos\u00a0srov\u0117: 50 A;<\/li>\n<li>komunikacija: CAN \/ RS485.<\/li>\n<\/ul>\n<div>\n<h1><b>Kintamoji srov\u0117 (i\u0161vestis) tinklo pus\u0117je<\/b><\/h1>\n<ul>\n<li>vardin\u0117 i\u0161vesties galia: 10 kW;<\/li>\n<li>maksimali tariama i\u0161vesties galia: 11 kVA;<\/li>\n<li>vardin\u0117 tinklo \u012ftampa: 3\/N\/PE, 380 \/ 400 V;<\/li>\n<li>vardinis tinklo da\u017enis: 50 Hz \/ 60 Hz;<\/li>\n<li>vardin\u0117 tinklo i\u0161vesties srov\u0117: 15,2 A \/ 14,4 A;<\/li>\n<li>maksimali i\u0161vesties srov\u0117: 16,7 A \/ 15,8 A;<\/li>\n<li>galios faktorius: &gt; 0,99 (reguliuojama nuo 0,8 pirmavimo iki 0,8 atsilikimo);<\/li>\n<li>THDi: &lt; 3 %.<\/li>\n<\/ul>\n<div>\n<h1>Nuolatin\u0117 srov\u0117 (\u012fvestis) tinklo pus\u0117je<\/h1>\n<ul>\n<li>maksimali \u012fvesties galia: 15 kW;<\/li>\n<li>maksimali \u012fvesties srov\u0117: 22,8 A;<\/li>\n<li>vardin\u0117 tinklo \u012ftampa: 3\/N\/PE, 380 \/ 400 V;<\/li>\n<li>vardinis tinklo da\u017enis: 50 Hz \/ 60 Hz.<\/li>\n<\/ul>\n<\/div>\n<div>\n<h1>Kintamoji srov\u0117 (i\u0161vestis) atsargos (<b>\u201eBack-up\u201c) pus\u0117je<\/b><\/h1>\n<ul>\n<li>vardin\u0117 i\u0161vesties galia: 10 kW;<\/li>\n<li>pikin\u0117 tariamoji i\u0161\u0117jimo galia: 16 kVA, 60 sek.;<\/li>\n<li>atsargos (\u201eBack-up\u201c) persijungimo laikas: &lt; 10 ms;<\/li>\n<li>vardin\u0117 tinklo \u012ftampa: 3\/N\/PE, 380 \/ 400 V;<\/li>\n<li>vardinis tinklo da\u017enis: 50 Hz \/ 60 Hz;<\/li>\n<li>vardin\u0117 tinklo i\u0161vesties srov\u0117: 15,2 A \/ 14,4 A;<\/li>\n<li>THDi: &lt; 2 %.<\/li>\n<\/ul>\n<\/div>\n<h1><b>Efektyvumas<\/b><\/h1>\n<ul>\n<li>maksimalus efektyvumas: 98,2 %;<\/li>\n<li>EU efektyvumas: 97,5 %;<\/li>\n<li>akumuliatoriaus \u012fkrovos FV maksimalus efektyvumas: 98,2 %;<\/li>\n<li>akumuliatoriaus \u012fkrovos \/ i\u0161krovos efektyvumas: 97,5 %.<\/li>\n<\/ul>\n<h1><b>Apsauga<\/b><\/h1>\n<ul>\n<li>DC apsauga nuo atvirk\u0161tinio poli\u0161kumo;<\/li>\n<li>apsauga nuo trumpojo jungimo;<\/li>\n<li>i\u0161vesties apsauga nuo vir\u0161srovi\u0173;<\/li>\n<li>AFCI apsauga suma\u017eina gaisro rizik\u0105;<\/li>\n<li>anti-Islanding apsauga;<\/li>\n<li>FV apsauga nuo vir\u0161\u012ftampi\u0173;<\/li>\n<li>akumuliatoriaus reversin\u0117 apsauga;<\/li>\n<li>integruotas DC i\u0161jungiklis (pasirinktinai).<\/li>\n<\/ul>\n<h2>Inverterio Solis-S6-EH3P10K-H b<strong>endrieji duomenys<\/strong><\/h2>\n<ul>\n<li>matmenys (plotis x auk\u0161tis x gylis): 596 x 496 x 230 mm;<\/li>\n<li>svoris: 31,8 kg;<\/li>\n<li>topologija: be transformatori\u0173;<\/li>\n<li>suvartojimas bud\u0117jimo re\u017eimu: &lt; 25W;<\/li>\n<li>darbin\u0117 aplinkos temperat\u016bra: \u2013 25 ~ 60 \u00b0C;<\/li>\n<li>apsaugos klas\u0117: IP66;<\/li>\n<li>au\u0161inimo koncepcija: nat\u016brali konversija;<\/li>\n<li>maksimalus darbinis auk\u0161tis: 4000 m;<\/li>\n<li>tinklo prijungimo standartas: VDE-AR-N 4105 \/ VDE V 0124, EN 50549-1, VDE 0126 \/ UTE C 15\/VFR:2019, RD 1699\/RD 244 \/ UNE 206006 \/ UNE 206007-1, CEI 0-21, C10\/11, NRS 097-2-1, EIFS 2018.2, IEC 62116, IEC 61727, IEC 60068, IEC 61683, EN 50530, MEA, PEA;<\/li>\n<li>saugumo \/ EMC standartas: IEC\/EN 62109-1\/ -2, IEC\/EN 61000-6-1\/ -3.<\/li>\n<\/ul>\n<h2><strong>Savyb\u0117s<\/strong><\/h2>\n<ul>\n<li>nuolatin\u0117s srov\u0117s (DC) jungtis: MC4;<\/li>\n<li>akumuliatoriaus jungtis: greito prijungimo jungtis;<\/li>\n<li>kintamos srov\u0117s (AC) jungtis: greito prijungimo jungtis;<\/li>\n<li>ekranas: LED + Bluetooth + APP;<\/li>\n<li>komunikacija: CAN, RS 485, Ethernet; Wi-Fi \/ Cellular\/ LAN (pasirinktinai).<\/li>\n<\/ul>\n<\/div>\n<h1><span style=\"color: #333333; font-size: 16px;\">Dokumentacija PDF<\/span><\/h1>\n<p><a href=\"https:\/\/sauleskomponentai.lt\/wp-content\/uploads\/2024\/12\/Solis_datasheet_S6-EH3P5-10K-H-EU_GBR_V22_202412-brosiura.pdf\">Solis_datasheet_S6-EH3P(5-10)K-H-EU_GBR_V2,2_202412-brosiura<\/a><\/p>\n<p><a href=\"https:\/\/sauleskomponentai.lt\/wp-content\/uploads\/2024\/12\/Solis_Manual_S6-EH3P5-10K-H-EU_EUR_V1820240830-vadovas.pdf\">Solis_Manual_S6-EH3P(5-10)K-H-EU_EUR_V1,8(20240830)-vadovas<\/a><\/p>\n","protected":false},"excerpt":{"rendered":"<p>Solis<strong> S6-EH3P10K-H <\/strong>hibridinis inverteris dien\u0105 fiksuos saul\u0117s energij\u0105 ir tieks energij\u0105 nam\u0173 apkrovoms bei \u012fkraus akumuliatori\u0173. Nakt\u012f jis naudosis akumuliatoriumi, kad patenkint\u0173 j\u016bs\u0173 nam\u0173 apkrovas. Taip i\u0161vengsite bet kokio elektros energijos vartojimo i\u0161 tinklo ir elektr\u0105 ne tik gaminsite, bet ir kaupsite tik patys sau nemokamai.<\/p>\n","protected":false},"featured_media":15811,"template":"","meta":[],"product_brand":[],"product_cat":[73],"product_tag":[74,76,75,77],"class_list":{"0":"post-15813","1":"product","2":"type-product","3":"status-publish","4":"has-post-thumbnail","6":"product_cat-inverteriai","7":"product_tag-inverteriai","8":"product_tag-saules-elektrines","9":"product_tag-saules-moduliai","10":"product_tag-solis","12":"first","13":"instock","14":"shipping-taxable","15":"purchasable","16":"product-type-simple"},"_links":{"self":[{"href":"https:\/\/sauleskomponentai.lt\/index.php\/wp-json\/wp\/v2\/product\/15813","targetHints":{"allow":["GET"]}}],"collection":[{"href":"https:\/\/sauleskomponentai.lt\/index.php\/wp-json\/wp\/v2\/product"}],"about":[{"href":"https:\/\/sauleskomponentai.lt\/index.php\/wp-json\/wp\/v2\/types\/product"}],"version-history":[{"count":1,"href":"https:\/\/sauleskomponentai.lt\/index.php\/wp-json\/wp\/v2\/product\/15813\/revisions"}],"predecessor-version":[{"id":15814,"href":"https:\/\/sauleskomponentai.lt\/index.php\/wp-json\/wp\/v2\/product\/15813\/revisions\/15814"}],"wp:featuredmedia":[{"embeddable":true,"href":"https:\/\/sauleskomponentai.lt\/index.php\/wp-json\/wp\/v2\/media\/15811"}],"wp:attachment":[{"href":"https:\/\/sauleskomponentai.lt\/index.php\/wp-json\/wp\/v2\/media?parent=15813"}],"wp:term":[{"taxonomy":"product_brand","embeddable":true,"href":"https:\/\/sauleskomponentai.lt\/index.php\/wp-json\/wp\/v2\/product_brand?post=15813"},{"taxonomy":"product_cat","embeddable":true,"href":"https:\/\/sauleskomponentai.lt\/index.php\/wp-json\/wp\/v2\/product_cat?post=15813"},{"taxonomy":"product_tag","embeddable":true,"href":"https:\/\/sauleskomponentai.lt\/index.php\/wp-json\/wp\/v2\/product_tag?post=15813"}],"curies":[{"name":"wp","href":"https:\/\/api.w.org\/{rel}","templated":true}]}}